f 2394 and 277476?
114
Calculate the highest common divisor of 31 and 35286.
1
What is the highest common divisor of 271674 and 9738898?
1118
Calculate the greatest common divisor of 138116 and 587036.
172
Calculate the greatest common divisor of 159005 and 18655623.
2891
What is the highest common factor of 16635 and 1062000?
15
Calculate the greatest common factor of 7305947 and 924.
11
Calculate the greatest common factor of 947415 and 70560.
735
What is the highest common factor of 384863 and 476?
17
Calculate the greatest common divisor of 8655 and 5523621.
1731
Calculate the greatest common divisor of 14973380 and 80.
20
Calculate the greatest common divisor of 2048 and 65537792.
256
Calculate the highest common factor of 1370 and 51190.
10
Calculate the highest common factor of 4980185 and 2660.
665
Calculate the highest common divisor of 880407 and 234.
9
What is the greatest common factor of 8943 and 22771859?
2981
Calculate the highest common factor of 3770 and 5181865.
1885
Calculate the highest common factor of 156 and 5575452.
12
What is the greatest common divisor of 9412 and 19134?
2
Calculate the highest common factor of 151292816 and 4112.
4112
Calculate the highest common divisor of 2560 and 16596608.
128
What is the highest common divisor of 72 and 123208956?
36
Calculate the greatest common divisor of 12 and 8461440.
12
Calculate the greatest common divisor of 334401030 and 279.
279
What is the highest common factor of 231273887 and 329?
47
Calculate the highest common divisor of 23823675 and 885.
15
What is the greatest common factor of 3486326 and 136?
34
What is the greatest common factor of 535 and 173077315?
535
Calculate the greatest common divisor of 12126 and 59432106.
258
What is the greatest common divisor of 204 and 722304228?
204
Calculate the highest common factor of 25 and 26543650.
25
Calculate the highest common divisor of 2768271 and 231099.
4917
What is the highest common divisor of 278180 and 4660?
20
Calculate the greatest common divisor of 7330892 and 19312.
284
What is the greatest common divisor of 17581641 and 8217?
2739
What is the highest common divisor of 17927 and 94867123?
2561
What is the highest common divisor of 7804 and 60336626?
3902
What is the highest common factor of 727825248 and 7866?
7866
Calculate the highest common factor of 52878678 and 201.
201
Calculate the highest common factor of 337630 and 200.
10
Calculate the greatest common divisor of 1004 and 310357484.
1004
Calculate the highest common factor of 1899530 and 75032.
226
What is the highest common factor of 1799 and 480970?
7
What is the greatest common divisor of 273 and 180414?
39
Calculate the greatest common divisor of 4448 and 86277300.
556
Calculate the greatest common divisor of 78279056 and 148192.
6736
What is the greatest common factor of 3607461 and 693?
99
Calculate the highest common factor of 404 and 289376716.
404
Calculate the highest common divisor of 300 and 22727480.
20
What is the greatest common factor of 2553 and 17544423?
69
Calculate the highest common factor of 19323431 and 381.
127
Calculate the greatest common factor of 6 and 10810716.
6
What is the greatest common divisor of 1517785 and 437090?
2005
What is the highest common factor of 13168796 and 1780?
356
Calculate the highest common divisor of 28918804 and 7372.
388
What is the highest common divisor of 252505260 and 378?
126
Calculate the greatest common divisor of 122 and 979733749.
61
What is the highest common factor of 36147530 and 8024?
118
Calculate the greatest common factor of 9684560 and 20060.
340
What is the greatest common divisor of 13550762 and 2064?
86
What is the highest common factor of 109695033 and 3213?
3213
What is the greatest common factor of 40256724 and 3720?
372
Calculate the highest common factor of 89820 and 420.
60
What is the highest common factor of 582 and 1271521299?
291
Calculate the greatest common divisor of 6490 and 13511590.
590
Calculate the highest common divisor of 19406 and 43404962.
626
Calculate the greatest common factor of 52660937 and 1617.
49
Calculate the highest common divisor of 41902263 and 1989.
1989
What is the greatest common factor of 72251886 and 210?
42
Calculate the greatest common divisor of 2449835 and 38915.
905
What is the highest common factor of 915456 and 606336?
384
What is the greatest common factor of 24591 and 542829?
21
Calculate the greatest common factor of 69 and 46013731.
23
What is the highest common divisor of 308 and 2635640?
28
Calculate the highest common factor of 230585 and 17227.
107
Calculate the greatest common divisor of 3058550 and 77854.
11122
Calculate the greatest common factor of 16442265 and 555.
15
What is the highest common divisor of 9332012 and 64?
4
Calculate the highest common factor of 47594520 and 36435.
5205
What is the greatest common factor of 87153 and 958740?
57
What is the greatest common divisor of 6630897 and 147?
21
Calculate the highest common divisor of 1180168 and 12254.
22
What is the highest common divisor of 708 and 4947840?
12
What is the greatest common factor of 10158 and 136498125?
5079
Calculate the greatest common divisor of 3420406 and 3168.
22
Calculate the highest common factor of 2157696 and 9684.
36
What is the greatest common divisor of 16240518 and 4270?
854
Calculate the highest common factor of 28530 and 2625711.
951
What is the greatest common divisor of 27720 and 2681140?
1540
What is the greatest common divisor of 302 and 442823808?
302
Calculate the greatest common divisor of 5835 and 200741505.
5835
Calculate the highest common factor of 36340 and 789605.
395
Calculate the highest common divisor of 1292 and 13610308.
76
What is the greatest common divisor of 469953 and 61758?
423
What is the greatest common factor of 309843 and 318147?
519
What is the highest common factor of 24 and 30094740?
12
Calculate the greatest common divisor of 10430720 and 1780.
20
What is the highest common divisor of 639 and 62301861?
639
Calculate the greatest common factor of 6408 and 291672.
72
Calculate the highest common factor of 32805100 and 325.
25
What is the highest common factor of 1879687 and 22662?
1259
What is the highest common factor of 72 and 861558?
6
What is the highest common divisor of 698 and 238624213?
349
What is the highest common factor of 120661247 and 7?
7
Calculate the highest common divisor of 7894711 and 26477.
913
What is the highest common divisor of 100515833 and 627?
209
What is the greatest common factor of 1646245 and 325205?
1685
What is the highest common divisor of 30446522 and 3088?
386
Calculate the greatest common factor of 72 and 18510936.
24
What is the highest common divisor of 27455 and 2697815?
1445
Calculate the greatest common divisor of 17748499 and 122.
61
What is the highest common factor of 8 and 32168942?
2
Calculate the highest common divisor of 3051012 and 10224.
852
Calculate the greatest common divisor of 1688 and 1357574.
422
Calculate the greatest common factor of 404 and 7340276.
404
What is the highest common factor of 224962 and 13?
1
What is the greatest common divisor of 3472168 and 20?
4
What is the highest common factor of 22382 and 2213896?
62
What is the highest common divisor of 62965872 and 72?
72
What is the highest common factor of 3812016 and 243?
3
Calculate the highest common divisor of 3695519 and 2546.
1273
What is the highest common factor of 1386 and 1991088?
198
What is the greatest common divisor of 61019010 and 2340?
1170
Calculate the highest common divisor of 2576 and 244785044.
644
What is the highest common divisor of 210 and 15756090?
210
Calculate the highest common factor of 17301592 and 484.
44
What is the greatest common divisor of 939 and 355363611?
939
What is the greatest common factor of 806072 and 1768?
136
Calculate the greatest common factor of 7248 and 384752.
16
What is the greatest common divisor of 227298 and 22988814?
5286
What is the greatest common divisor of 22 and 10108516?
22
What is the greatest common divisor of 53277150 and 1734?
1734
What is the greatest common factor of 1169 and 48093829?
1169
What is the highest common divisor of 2158 and 14317334?
166
Calculate the greatest common divisor of 387072 and 12627.
9
C